{"id":8,"date":"2021-02-26T08:19:21","date_gmt":"2021-02-26T08:19:21","guid":{"rendered":"http:\/\/biblioteca.justo-sierra.net\/?page_id=8"},"modified":"2021-09-05T04:27:42","modified_gmt":"2021-09-05T04:27:42","slug":"contacto","status":"publish","type":"page","link":"https:\/\/biblioteca.justo-sierra.net\/?page_id=8","title":{"rendered":"Contacto"},"content":{"rendered":"\n<p>En esta p\u00e1gina podr\u00e1s enviarnos tus dudas, comentarios, sugerencias mediante el siguiente formulario.<\/p>\n\n\n\n\n<div class=\"wpcf7 no-js\" id=\"wpcf7-f58-o1\" lang=\"es-MX\" dir=\"ltr\" data-wpcf7-id=\"58\">\n<div class=\"screen-reader-response\"><p role=\"status\" aria-live=\"polite\" aria-atomic=\"true\"><\/p> <ul><\/ul><\/div>\n<form action=\"\/index.php?rest_route=%2Fwp%2Fv2%2Fpages%2F8#wpcf7-f58-o1\" method=\"post\" class=\"wpcf7-form init\" aria-label=\"Formulario de contacto\" novalidate=\"novalidate\" data-status=\"init\">\n<fieldset class=\"hidden-fields-container\"><input type=\"hidden\" name=\"_wpcf7\" value=\"58\" \/><input type=\"hidden\" name=\"_wpcf7_version\" value=\"6.1.5\" \/><input type=\"hidden\" name=\"_wpcf7_locale\" value=\"es_MX\" \/><input type=\"hidden\" name=\"_wpcf7_unit_tag\" value=\"wpcf7-f58-o1\" \/><input type=\"hidden\" name=\"_wpcf7_container_post\" value=\"0\" \/><input type=\"hidden\" name=\"_wpcf7_posted_data_hash\" value=\"\" \/>\n<\/fieldset>\n<p><label> Tu nombre<br \/>\n<span class=\"wpcf7-form-control-wrap\" data-name=\"your-name\"><input size=\"40\" maxlength=\"400\" class=\"wpcf7-form-control wpcf7-text wpcf7-validates-as-required\" aria-required=\"true\" aria-invalid=\"false\" value=\"\" type=\"text\" name=\"your-name\" \/><\/span> <\/label>\n<\/p>\n<p><label> Tu correo electr\u00f3nico<br \/>\n<span class=\"wpcf7-form-control-wrap\" data-name=\"your-email\"><input size=\"40\" maxlength=\"400\" class=\"wpcf7-form-control wpcf7-email wpcf7-validates-as-required wpcf7-text wpcf7-validates-as-email\" aria-required=\"true\" aria-invalid=\"false\" value=\"\" type=\"email\" name=\"your-email\" \/><\/span> <\/label>\n<\/p>\n<p><label> Selecciona el Plantel al que perteneces<\/label><br \/>\n<span class=\"wpcf7-form-control-wrap\" data-name=\"checkbox-135\"><span class=\"wpcf7-form-control wpcf7-checkbox wpcf7-validates-as-required wpcf7-exclusive-checkbox\"><span class=\"wpcf7-list-item first\"><label><span class=\"wpcf7-list-item-label\">Acueducto<\/span><input type=\"checkbox\" name=\"checkbox-135\" value=\"Acueducto\" \/><\/label><\/span><span class=\"wpcf7-list-item\"><label><span class=\"wpcf7-list-item-label\">Ticom\u00e1n<\/span><input type=\"checkbox\" name=\"checkbox-135\" value=\"Ticom\u00e1n\" \/><\/label><\/span><span class=\"wpcf7-list-item\"><label><span class=\"wpcf7-list-item-label\">Cien Metros<\/span><input type=\"checkbox\" name=\"checkbox-135\" value=\"Cien Metros\" \/><\/label><\/span><span class=\"wpcf7-list-item last\"><label><span class=\"wpcf7-list-item-label\">San Mateo<\/span><input type=\"checkbox\" name=\"checkbox-135\" value=\"San Mateo\" \/><\/label><\/span><\/span><\/span>\n<\/p>\n<p><label> Selecciona el programa al que perteneces<br \/>\n<span class=\"wpcf7-form-control-wrap dsm-contact-form-7-select\" data-name=\"Carrera\"><select class=\"wpcf7-form-control wpcf7-select wpcf7-validates-as-required et_pb_contact_select input\" aria-required=\"true\" aria-invalid=\"false\" name=\"Carrera\"><option value=\"\">Por favor, seleccione una opci\u00f3n<\/option><option value=\"Especialidad en  Estomatolog\u00eda Pedi\u00e1trica\">Especialidad en  Estomatolog\u00eda Pedi\u00e1trica<\/option><option value=\"Especialidad en Endodoncia\">Especialidad en Endodoncia<\/option><option value=\"Ing. en Gesti\u00f3n de Tecnolog\u00edas de la Informaci\u00f3n\">Ing. en Gesti\u00f3n de Tecnolog\u00edas de la Informaci\u00f3n<\/option><option value=\"Ing. Sistemas Computacionales\">Ing. Sistemas Computacionales<\/option><option value=\"Ing. Sistemas Computacionales -Plantel SM\">Ing. Sistemas Computacionales -Plantel SM<\/option><option value=\"Ing. Sistemas y Telem\u00e1tica\">Ing. Sistemas y Telem\u00e1tica<\/option><option value=\"Lic. Administraci\u00f3n\">Lic. Administraci\u00f3n<\/option><option value=\"Lic. Administraci\u00f3n Modalidad Mixta\">Lic. Administraci\u00f3n Modalidad Mixta<\/option><option value=\"Lic. Administraci\u00f3n -Plantel SM\">Lic. Administraci\u00f3n -Plantel SM<\/option><option value=\"Lic. Arquitectura\">Lic. Arquitectura<\/option><option value=\"Lic. Ciencias de la Comunicaci\u00f3n\">Lic. Ciencias de la Comunicaci\u00f3n<\/option><option value=\"Lic. Comunicaci\u00f3n -Plantel SM\">Lic. Comunicaci\u00f3n -Plantel SM<\/option><option value=\"Lic. Contadur\u00eda y Finanzas\">Lic. Contadur\u00eda y Finanzas<\/option><option value=\"Lic. Derecho\">Lic. Derecho<\/option><option value=\"Lic. Derecho -Plantel SM\">Lic. Derecho -Plantel SM<\/option><option value=\"Lic. Dise\u00f1o y Comunicaci\u00f3n Visual\">Lic. Dise\u00f1o y Comunicaci\u00f3n Visual<\/option><option value=\"Lic. Dise\u00f1o y Comunicaci\u00f3n Visual -Plantel SM\">Lic. Dise\u00f1o y Comunicaci\u00f3n Visual -Plantel SM<\/option><option value=\"Lic. Ense\u00f1anza del Ingl\u00e9s\">Lic. Ense\u00f1anza del Ingl\u00e9s<\/option><option value=\"Lic. Estomatolog\u00eda\">Lic. Estomatolog\u00eda<\/option><option value=\"Lic. Gastronom\u00eda\">Lic. Gastronom\u00eda<\/option><option value=\"Lic. Gastronom\u00eda -Plantel SM\">Lic. Gastronom\u00eda -Plantel SM<\/option><option value=\"Lic. Gesti\u00f3n de Negocios Tur\u00edsticos\">Lic. Gesti\u00f3n de Negocios Tur\u00edsticos<\/option><option value=\"Lic. Gesti\u00f3n de Negocios Tur\u00edsticos -Plantel SM\">Lic. Gesti\u00f3n de Negocios Tur\u00edsticos -Plantel SM<\/option><option value=\"Lic. Mercadotecnia\">Lic. Mercadotecnia<\/option><option value=\"Lic. Mercadotecnia y Publicidad -Plantel SM\">Lic. Mercadotecnia y Publicidad -Plantel SM<\/option><option value=\"Lic. Nutrici\u00f3n\">Lic. Nutrici\u00f3n<\/option><option value=\"Lic. Pedagog\u00eda\">Lic. Pedagog\u00eda<\/option><option value=\"Lic. Pedagog\u00eda Modalidad Mixta\">Lic. Pedagog\u00eda Modalidad Mixta<\/option><option value=\"Lic. Pedagog\u00eda -Plantel SM\">Lic. Pedagog\u00eda -Plantel SM<\/option><option value=\"Lic. Psicolog\u00eda\">Lic. Psicolog\u00eda<\/option><option value=\"Lic. Psicolog\u00eda -Plantel SM\">Lic. Psicolog\u00eda -Plantel SM<\/option><option value=\"Lic. Qu\u00edmico Farmac\u00e9utico Bi\u00f3logo\">Lic. Qu\u00edmico Farmac\u00e9utico Bi\u00f3logo<\/option><option value=\"Lic.M\u00e9dico Cirujano\">Lic.M\u00e9dico Cirujano<\/option><option value=\"Maestr\u00eda en Comunicaci\u00f3n Educativa\">Maestr\u00eda en Comunicaci\u00f3n Educativa<\/option><option value=\"Maestr\u00eda en Comunicaci\u00f3n Organizacional\">Maestr\u00eda en Comunicaci\u00f3n Organizacional<\/option><option value=\"Maestr\u00eda en Dise\u00f1o Digital\">Maestr\u00eda en Dise\u00f1o Digital<\/option><option value=\"Maestr\u00eda en Docencia\">Maestr\u00eda en Docencia<\/option><option value=\"Maestr\u00eda en Gesti\u00f3n Administrativa\">Maestr\u00eda en Gesti\u00f3n Administrativa<\/option><option value=\"Maestr\u00eda en Gesti\u00f3n de Comercio Electr\u00f3nico\">Maestr\u00eda en Gesti\u00f3n de Comercio Electr\u00f3nico<\/option><option value=\"Maestr\u00eda en Innovaci\u00f3n Educativa\">Maestr\u00eda en Innovaci\u00f3n Educativa<\/option><option value=\"Maestr\u00eda en Ortodoncia\">Maestr\u00eda en Ortodoncia<\/option><option value=\"Maestr\u00eda en Psicolog\u00eda Cl\u00ednica\">Maestr\u00eda en Psicolog\u00eda Cl\u00ednica<\/option><\/select><\/span><\/label>\n<\/p>\n<p><label> Asunto<br \/>\n<span class=\"wpcf7-form-control-wrap\" data-name=\"your-subject\"><input size=\"40\" maxlength=\"400\" class=\"wpcf7-form-control wpcf7-text wpcf7-validates-as-required\" aria-required=\"true\" aria-invalid=\"false\" value=\"\" type=\"text\" name=\"your-subject\" \/><\/span> <\/label>\n<\/p>\n<p><label> Tu mensaje (opcional)<br \/>\n<span class=\"wpcf7-form-control-wrap\" data-name=\"your-message\"><textarea cols=\"40\" rows=\"10\" maxlength=\"2000\" class=\"wpcf7-form-control wpcf7-textarea\" aria-invalid=\"false\" name=\"your-message\"><\/textarea><\/span> <\/label>\n<\/p>\n<p><button class=\"wpcf7-form-control wpcf7-submit has-spinner et_pb_button et_pb_bg_layout_light\" type=\"submit\" value=\"Enviar\">Enviar<\/button>\n<\/p><input type='hidden' class='wpcf7-pum' value='{\"closepopup\":false,\"closedelay\":0,\"openpopup\":false,\"openpopup_id\":0}' \/><div class=\"wpcf7-response-output\" aria-hidden=\"true\"><\/div>\n<\/form>\n<\/div>\n\n","protected":false},"excerpt":{"rendered":"<p>En esta p\u00e1gina podr\u00e1s enviarnos tus dudas, comentarios, sugerencias mediante el siguiente formulario.<\/p>\n","protected":false},"author":1,"featured_media":0,"parent":0,"menu_order":0,"comment_status":"closed","ping_status":"closed","template":"elementor_header_footer","meta":{"_et_pb_use_builder":"","_et_pb_old_content":"","_et_gb_content_width":"","_monsterinsights_skip_tracking":false,"_monsterinsights_sitenote_active":false,"_monsterinsights_sitenote_note":"","_monsterinsights_sitenote_category":0,"_vp_format_video_url":"","_vp_image_focal_point":[],"footnotes":""},"class_list":["post-8","page","type-page","status-publish","hentry"],"featured_image_src":null,"featured_image_src_square":null,"_links":{"self":[{"href":"https:\/\/biblioteca.justo-sierra.net\/index.php?rest_route=\/wp\/v2\/pages\/8","targetHints":{"allow":["GET"]}}],"collection":[{"href":"https:\/\/biblioteca.justo-sierra.net\/index.php?rest_route=\/wp\/v2\/pages"}],"about":[{"href":"https:\/\/biblioteca.justo-sierra.net\/index.php?rest_route=\/wp\/v2\/types\/page"}],"author":[{"embeddable":true,"href":"https:\/\/biblioteca.justo-sierra.net\/index.php?rest_route=\/wp\/v2\/users\/1"}],"replies":[{"embeddable":true,"href":"https:\/\/biblioteca.justo-sierra.net\/index.php?rest_route=%2Fwp%2Fv2%2Fcomments&post=8"}],"version-history":[{"count":7,"href":"https:\/\/biblioteca.justo-sierra.net\/index.php?rest_route=\/wp\/v2\/pages\/8\/revisions"}],"predecessor-version":[{"id":3648,"href":"https:\/\/biblioteca.justo-sierra.net\/index.php?rest_route=\/wp\/v2\/pages\/8\/revisions\/3648"}],"wp:attachment":[{"href":"https:\/\/biblioteca.justo-sierra.net\/index.php?rest_route=%2Fwp%2Fv2%2Fmedia&parent=8"}],"curies":[{"name":"wp","href":"https:\/\/api.w.org\/{rel}","templated":true}]}}